
Calculate the highest common factor of 99506 and 77.
11
Calculate the highest common factor of 624195 and 3510.
585
What is the highest common divisor of 453860 and 140?
20
Calculate the highest common divisor of 15847 and 559.
13
Calculate the greatest common divisor of 45790 and 15.
5
What is the greatest common divisor of 49725 and 450?
225
What is the greatest common divisor of 165 and 38685?
15
What is the greatest common factor of 343300 and 1325?
25
What is the highest common factor of 1079650 and 825?
275
Calculate the highest common divisor of 2916 and 3384.
36
Calculate the highest common divisor of 331890 and 650.
130
Calculate the highest common factor of 55912 and 1205.
241
What is the highest common divisor of 486374 and 686?
686
Calculate the highest common divisor of 51867 and 4131.
459
What is the highest common divisor of 825 and 2725?
25
What is the greatest common divisor of 17588 and 100?
4
What is the highest common divisor of 1501 and 1254?
19
What is the greatest common factor of 140296 and 6232?
152
Calculate the highest common factor of 1669698 and 18.
18
Calculate the greatest common divisor of 718253 and 789.
263
What is the highest common factor of 212036 and 2212?
316
Calculate the highest common divisor of 2811378 and 1398.
1398
Calculate the highest common divisor of 19617 and 117.
39
Calculate the highest common divisor of 383 and 43279.
383
Calculate the greatest common factor of 2840 and 194824.
568
Calculate the greatest common factor of 3951 and 31.
1
What is the greatest common factor of 2817 and 1935?
9
Calculate the greatest common factor of 658 and 3262.
14
Calculate the highest common factor of 54227 and 844.
211
Calculate the highest common divisor of 125 and 60550.
25
What is the highest common divisor of 561 and 89?
1
Calculate the greatest common divisor of 946 and 8448.
22
What is the greatest common factor of 12 and 9783756?
12
Calculate the greatest common divisor of 12377855 and 70.
35
What is the highest common divisor of 147264 and 177?
177
What is the greatest common factor of 149906 and 578?
34
What is the greatest common divisor of 12995934 and 42?
42
What is the greatest common divisor of 61 and 5036465?
61
Calculate the greatest common divisor of 1 and 61129.
1
Calculate the highest common divisor of 2330 and 14446.
466
What is the greatest common divisor of 104235 and 75?
15
Calculate the highest common factor of 546 and 20328.
42
What is the greatest common divisor of 2374704 and 6831?
621
Calculate the greatest common factor of 12 and 228948.
12
Calculate the greatest common divisor of 134 and 3437167.
67
What is the highest common factor of 1456 and 332696?
728
Calculate the highest common factor of 52 and 32071.
13
Calculate the greatest common factor of 72 and 2728.
8
Calculate the greatest common factor of 18 and 253647.
9
Calculate the greatest common factor of 4254 and 1488.
6
What is the highest common factor of 252 and 2128?
28
What is the greatest common divisor of 9555 and 10815?
105
What is the highest common factor of 166305 and 60?
15
What is the greatest common divisor of 130445 and 35?
35
What is the highest common divisor of 6063 and 34701?
129
What is the greatest common divisor of 1446507 and 18?
9
Calculate the greatest common divisor of 20774 and 28288.
442
Calculate the greatest common divisor of 128 and 178496.
64
What is the greatest common divisor of 14013 and 81?
81
Calculate the highest common factor of 7032 and 9.
3
What is the greatest common divisor of 727624 and 16?
8
Calculate the highest common divisor of 88486 and 1510.
302
What is the greatest common factor of 372 and 87012?
12
Calculate the highest common divisor of 171 and 110067.
57
What is the highest common divisor of 322 and 490406?
322
What is the greatest common divisor of 295355 and 1140?
95
What is the highest common factor of 8386 and 210?
14
Calculate the greatest common divisor of 21 and 1032.
3
What is the greatest common factor of 26922 and 420?
42
What is the highest common divisor of 44217 and 9?
9
What is the greatest common divisor of 679128 and 18?
6
What is the highest common divisor of 7424 and 406?
58
What is the highest common divisor of 30 and 30612?
6
What is the highest common factor of 690744 and 408?
408
What is the greatest common divisor of 60 and 31548?
12
What is the highest common divisor of 336 and 23016?
168
Calculate the greatest common factor of 2570 and 30.
10
What is the greatest common divisor of 723666 and 33?
3
What is the highest common divisor of 8045 and 415?
5
Calculate the highest common divisor of 6884745 and 1470.
735
Calculate the greatest common divisor of 16 and 3705472.
16
Calculate the greatest common factor of 40930 and 190.
10
What is the greatest common divisor of 108213 and 105?
21
Calculate the highest common divisor of 740 and 12728.
148
Calculate the highest common factor of 13256 and 32.
8
What is the highest common divisor of 65 and 171522?
13
What is the highest common divisor of 355 and 865?
5
Calculate the highest common factor of 168 and 10136.
56
Calculate the greatest common divisor of 103 and 3.
1
What is the highest common factor of 561690 and 270?
90
Calculate the highest common factor of 80 and 531280.
80
Calculate the greatest common divisor of 22236 and 6976.
436
Calculate the highest common divisor of 1750 and 237300.
350
Calculate the highest common factor of 56 and 19082.
14
Calculate the highest common divisor of 1617 and 3966.
3
What is the greatest common factor of 576 and 36027?
9
Calculate the greatest common divisor of 42093 and 1890.
27
What is the highest common factor of 463296 and 171?
57
What is the greatest common divisor of 2856 and 10248?
168
Calculate the greatest common divisor of 11175 and 2400.
75
Calculate the greatest common divisor of 4 and 337839.
1
Calculate the highest common divisor of 3725 and 52299.
149
What is the greatest common factor of 40 and 598290?
10
What is the greatest common factor of 187 and 1003?
17
Calculate the greatest common factor of 14022 and 139441.
779
What is the greatest common divisor of 158097 and 3171?
453
What is the greatest common factor of 12606 and 66?
66
What is the greatest common factor of 12000 and 493000?
1000
What is the highest common factor of 74 and 28601?
37
Calculate the greatest common divisor of 3 and 838.
1
Calculate the highest common factor of 3380 and 104.
52
Calculate the highest common factor of 31382 and 18226.
26
Calculate the greatest common factor of 672 and 9912.
168
Calculate the greatest common divisor of 26 and 22802.
26
Calculate the highest common factor of 5727 and 2139.
69
Calculate the highest common divisor of 110 and 6470.
10
What is the highest common factor of 989 and 1567565?
989
What is the greatest common divisor of 22490 and 42385?
865
Calculate the highest common divisor of 221188 and 29248.
1828
Calculate the greatest common divisor of 3268782 and 11.
11
Calculate the greatest common factor of 192 and 498.
6
What is the highest common factor of 1795690 and 190?
190
Calculate the highest common divisor of 26039 and 3731.
13
What is the greatest common divisor of 453 and 1500?
3
Calculate the highest common factor of 16734 and 84.
6
Calculate the highest common divisor of 137565 and 315.
45
Calculate the greatest common divisor of 172 and 14577.
43
What is the highest common factor of 6 and 1832352?
6
What is the highest common factor of 25110 and 2106?
162
What is the highest common divisor of 3612539 and 21?
7
Calculate the highest common divisor of 10044 and 567.
81
What is the highest common divisor of 58 and 1788952?
58
Calculate the highest common divisor of 75 and 70975.
25
Calculate the greatest common divisor of 492 and 195948.
12
What is the highest common divisor of 1 and 35447?
1
What is the greatest common divisor of 7632 and 38478?
318
Calculate the greatest common divisor of 18758 and 212314.
166
What is the highest common divisor of 29463 and 84973?
427
Calculate the greatest common factor of 282072 and 19418.
1022
Calculate the greatest common factor of 2079 and 34209.
189
What is the highest common factor of 18961 and 1072?
67
What is the greatest common divisor of 82 and 59655?
41
What is the greatest c